1 prime?
False
Is 27053 prime?
False
Is 2129 a prime number?
True
Is 15511 a composite number?
False
Is 3371 composite?
False
Is 191 a prime number?
True
Is 147011 composite?
False
Is 4981 composite?
True
Is 2251 composite?
False
Is 40461 composite?
True
Is 38261 prime?
True
Is 16313 composite?
True
Is 83059 a prime number?
True
Is 11993 prime?
False
Is 31991 composite?
False
Is 2395 prime?
False
Is 79769 a prime number?
True
Is 1036237 prime?
False
Is 14897 prime?
True
Is 2633 a composite number?
False
Is 2536238 composite?
True
Is 42677 composite?
False
Is 15811 prime?
False
Is 1300501 a prime number?
True
Is 7613 prime?
False
Is 6947 composite?
False
Is 4931549 composite?
True
Is 3989 composite?
False
Is 19181 a prime number?
True
Is 1057129 a composite number?
False
Is 4177 prime?
True
Is 28331 a composite number?
True
Is 1311899 a composite number?
False
Is 3989 prime?
True
Is 2474 a composite number?
True
Is 230551 composite?
False
Is 1221373 prime?
True
Is 4561 a prime number?
True
Is 6487 composite?
True
Is 613 prime?
True
Is 6139 composite?
True
Is 37307 a composite number?
False
Is 1846619 a prime number?
True
Is 434149 a composite number?
True
Is 824951 a composite number?
False
Is 349971 a prime number?
False
Is 46601 a composite number?
False
Is 59333 composite?
False
Is 3949 composite?
True
Is 94727 a composite number?
False
Is 1672747 prime?
True
Is 176321 a composite number?
False
Is 15601 prime?
True
Is 53683 a prime number?
False
Is 9181 a composite number?
False
Is 4606477 prime?
True
Is 12889 a composite number?
False
Is 97919 prime?
True
Is 1349161 prime?
False
Is 11855 a composite number?
True
Is 1637 a prime number?
True
Is 477619 a composite number?
False
Is 205391 a composite number?
False
Is 1589 a prime number?
False
Is 33571 prime?
False
Is 4031 prime?
False
Is 430649 composite?
False
Is 32107 prime?
False
Is 6007 composite?
False
Is 5791 a composite number?
False
Is 6401 a prime number?
False
Is 4553 prime?
False
Is 9023 a prime number?
False
Is 19913 composite?
False
Is 23117 a prime number?
True
Is 110009 prime?
False
Is 75479 prime?
True
Is 1135997 composite?
False
Is 2281 a composite number?
False
Is 112757 prime?
True
Is 31315 composite?
True
Is 23423 prime?
False
Is 4391 a prime number?
True
Is 587471 prime?
False
Is 428629 a prime number?
True
Is 20459 prime?
False
Is 134567 a prime number?
False
Is 145633 composite?
False
Is 247529 composite?
False
Is 139021 composite?
False
Is 37951 a composite number?
False
Is 938017 a prime number?
True
Is 1106551 prime?
False
Is 89209 composite?
False
Is 138183 prime?
False
Is 171149 a composite number?
True
Is 15863 composite?
True
Is 176695 composite?
True
Is 48611 a prime number?
True
Is 34123 a prime number?
True
Is 220621 a composite number?
True
Is 13367 a prime number?
True
Is 322495 composite?
True
Is 190507 a composite number?
False
Is 982 a prime number?
False
Is 49711 a composite number?
False
Is 302263 a composite number?
True
Is 472919 a composite number?
True
Is 164557 a composite number?
True
Is 21745 a prime number?
False
Is 1255 a prime number?
False
Is 827066 composite?
True
Is 48229 a prime number?
False
Is 27929 prime?
False
Is 1724263 a composite number?
False
Is 419 a prime number?
True
Is 210499 a composite number?
False
Is 150533 a prime number?
True
Is 112799 a prime number?
True
Is 54889 a prime number?
False
Is 110489 prime?
False
Is 94407 a composite number?
True
Is 20455 composite?
True
Is 211741 a composite number?
False
Is 1005527 a prime number?
True
Is 7858 composite?
True
Is 17057 prime?
False
Is 15209 a composite number?
True
Is 119147 prime?
False
Is 86873 prime?
False
Is 97 a prime number?
True
Is 758335 composite?
True
Is 1335199 a composite number?
False
Is 31 composite?
False
Is 248315 a composite number?
True
Is 33997 composite?
False
Is 8707 composite?
False
Is 42979 a composite number?
False
Is 35957 prime?
False
Is 129431 composite?
True
Is 14005 a prime number?
False
Is 41765 prime?
False
Is 123581 composite?
False
Is 25013 composite?
False
Is 35747 a prime number?
True
Is 4487 a prime number?
False
Is 29517 a prime number?
False
Is 1262 prime?
False
Is 17007 a prime number?
False
Is 129139 a composite number?
True
Is 226991 prime?
True
Is 168323 composite?
False
Is 3943 prime?
True
Is 1198 a composite number?
True
Is 9413 prime?
True
Is 1655 a composite number?
True
Is 9059 a prime number?
True
Is 9217 prime?
False
Is 6109 prime?
False
Is 993 a prime number?
False
Is 292343 composite?
False
Is 137657 a prime number?
False
Is 179 a composite number?
False
Is 1212469 a prime number?
False
Is 410071 prime?
False
Is 51 a prime number?
False
Is 635087 prime?
True
Is 13919 composite?
True
Is 13381 a composite number?
False
Is 4007 a composite number?
False
Is 814237 a composite number?
False
Is 14461 composite?
False
Is 16671 prime?
False
Is 34319 a composite number?
False
Is 37399 a prime number?
False
Is 6031 a prime number?
False
Is 112741 a composite number?
False
Is 11901 composite?
True
Is 4747 composite?
True
Is 341927 a composite number?
False
Is 711463 a composite number?
False
Is 372719 composite?
False
Is 82527 a prime number?
False
Is 418163 a prime number?
False
Is 2498 a prime number?
False
Is 86267 a prime number?
False
Is 28759 prime?
True
Is 78121 prime?
True
Is 11791 prime?
False
Is 16489 a composite number?
True
Is 20035 a composite number?
True
Is 11507 composite?
True
Is 420663 prime?
False
Is 13801 a composite number?
True
Is 66961 a composite number?
True
Is 24031 a prime number?
False
Is 32749 a prime number?
True
Is 50371 prime?
False
Is 213677 a prime number?
False
Is 44351 a composite number?
False
Is 37033 composite?
True
Is 3011 prime?
True
Is 15427 composite?
False
Is 143841 a composite number?
True
Is 69593 a composite number?
False
Is 37987 prime?
True
Is 203549 a prime number?
True
Is 67439 a prime number?
False
Is 12443 composite?
True
Is 503107 prime?
False
Is 61993 composite?
True
Is 1585 a prime number?
False
Is 718871 composite?
False
Is 12629 prime?
False
Is 25073 prime?
True
Is 20789 a prime number?
True
Is 12829 a composite number?
False
Is 39891 a composite number?
True
Is 4508471 prime?
False
Is 64553 composite?
False
Is 72593 a composite number?
True
Is 15901 a prime number?
True
Is 53479 prime?
True
Is 21587 a prime number?
True
Is 60139 composite?
False
Is 90899 composite?
True
Is 5389 a composite number?
True
Is 293935 a prime number?
False
Is 3331514 a composite number?
True
Is 37081 a prime number?
False
Is 157606 composite?
True
Is 480161 prime?
False
Is 232514 prime?
False
Is 93511 a composite number?
True
Is 13897 prime?
False
Is 43193 prime?
False
Is 437 prime?
False
Is 90161 composite?
True
Is 50767 composite?
False
Is 1294753 prime?
True
Is 15191 a composite number?
True
Is 44297 prime?
False
Is 299 composite?
True
Is 46705 composite?
True
Is 1928317 prime?
True
Is 555209 a prime number?
True
Is 1655 a prime number?
False
Is 5897 a composite number?
False
Is 1413749 prime?
True
Is 118493 composite?
False
Is 118529 composite?
False
Is 835753 a composite number?
True
Is 1996765 a composite number?
True
Is 37119 composite?
True
Is 497449 a prime number?
True
Is 11959 composite?
False
Is 278843 a prime number?
True
Is 11467 a composite number?
False
Is 4751 a prime number?
True
Is 5437 composite?
False
Is 311587 a composite number?
True
Is 5533 composite?
True
Is 25667 prime?
True
Is 207413 prime?
False
Is 154369 a prime number?
True
Is 54437 prime?
True
Is 979787 a composite number?
False
Is 15781 a composite number?
True
Is 125183 composite?
False
Is 2145311 a composite number?
True
Is 83459 a prime number?
True
Is 25577 prime?
True
Is 3511414 prime?
False
Is 95297 composite?
True
Is 229127 a prime number?
True
Is 287731 a prime number?
True
Is 305047 a composite number?
False
Is 19835 prime?
False
Is 27439 a prime number?
False
Is 711649 a composite number?
False
Is 725597 prime?
True
Is 1617823 a prime number?
False
Is 52133 composite?
True
Is 361069 a composite number?
False
Is 62599 composite?
True
Is 13147 composite?
False
Is 453363 prime?
False
Is 13811 composite?
True
Is 13283 a composite number?
True
Is 92753 prime?
True
Is 6541 a composite number?
True
Is 58039 pri